.
-17
What is 0 - (-4 - (20 + -10 + -3))?
11
What is the value of (-16 - (-2 - (8 + 2))) + 13?
9
What is (21 - 33) + -6 + (-4 - -6) + -2?
-18
What is -6 + 10 + (-3 - 5) + -4 + 4?
-4
What is -10 - ((-3 - -7) + -15) - (17 + 0)?
-16
Evaluate (20 - (9 + -1)) + -6 + -15 - 6.
-15
Evaluate (-7 - (5 + 1 + -13)) + 10.
10
858 - 859 - (2 - (1 - 0))
-2
Calculate 1 + (6 - (7 - -2)) - -6.
4
Evaluate (59 - 62) + -2 + 2 + (3 - 3).
-3
Evaluate -4 + (1 + 0 - -7) + 0.
4
Calculate -17 + (12 - -7) + -14.
-12
What is -8 - -26 - (4 - (-1 - 3 - -6))?
16
What is the value of 13 - 10 - ((-5 - -2) + 5) - 1?
0
Calculate 5 + (0 + 2 + -18 - (65 + -62)).
-14
What is the value of 14 - (-3 + -19 + 33 + 16)?
-13
Calculate -1 - (11 - (5 - -14)).
7
What is the value of 1 - 24 - (19 - -17 - 44)?
-15
Calculate -915 - -903 - (-36 - 1).
25
What is the value of (-3 - (-4 + -3)) + (4 - (8 + 8))?
-8
What is -19 + (-35 - -56) - -32?
34
Evaluate 8 + 0 + (111 - 122).
-3
Calculate 25 + -20 + 4 - -10.
19
Evaluate (-22 + 7 + 14 - 1) + -23.
-25
Calculate -8 - 7 - -9 - -7 - (4 - -1).
-4
What is the value of 4 + 29 + -55 + -1 + -1 + 2?
-22
Calculate 5 + 1 + (26 - 57) + -1 - -4.
-22
What is -2 + -9 + 10 + (3 - -34) - 10?
26
Evaluate -9 - (-1 - -3 - (-60 + 63)) - -10.
2
Evaluate 3 + 0 + (-413 - -421).
11
30 + -5 + -5 + -6 + 3 + 10
27
Calculate 8 + -5 + (-1 + -9 - 6) + 1.
-12
What is 13 + (-7 - 5) + (10 - 0) + -22?
-11
What is 20 + -30 + 20 + -37?
-27
What is 1 + 2 + (3 - (0 - -2)) - 0?
4
Calculate (-21 - -1) + (-150 - -191).
21
Calculate (-1 - (4 - -10)) + 2.
-13
What is (-8 - (1 + -6 + (0 - 1))) + -1?
-3
Calculate -1 - ((-10 - (-1 - (2 + 4))) + 13).
-11
What is 2 + -9 + 2 + 5 + 27?
27
Evaluate -1 + -20 - -10 - -17.
6
Calculate (-9 - (2 + -3) - -12) + -11.
-7
Evaluate 15 + 6 + -2 - (-65 - -64).
20
Calculate 2 + -9 - (19 - 3 - 43).
20
What is 27 - (1 + -14 + -14 + 22)?
32
26 + (-4 - -23) - 23
22
Evaluate (-3 - -6 - (-1 + 3)) + (-4 - -4).
1
What is the value of 37 + 29 + -44 + -1 + 9 + 4?
34
Evaluate -7 + -32 + 51 + -31.
-19
Evaluate (-9 - 1 - (-21 + 15)) + -6.
-10
What is the value of 1 - -2 - (26 + -8 - 14)?
-1
Evaluate (2 - 1 - 1 - (-7 + 7)) + 3.
3
Calculate 4 - ((13 - 43) + 28).
6
Evaluate -870 + 885 - (0 + (1 - -41)).
-27
What is the value of -1 - (9 + -10 + 27 - 13)?
-14
5 - (20 - 9) - -14
8
Evaluate -1 + 2 + (10 - 18) + 16.
9
What is the value of (-29 - 1) + 2 + (-16 + 15 - -4)?
-25
What is the value of -11 + -20 + -16 + 69?
22
What is the value of 2 - (-7 + -25 + 24)?
10
16 - (22 + (-17 - -31) + 9)
-29
(-152 - -154) + (-1 - 30) + 5
-24
(10 - 15) + -6 - -11
0
Calculate (-1 - -3) + (-54 + 77 - 35).
-10
What is (24 + -14 - -19) + -42?
-13
(3 - -9) + 8 + (-11 - 15)
-6
Evaluate -8 - ((7 + -3 - 4) + -5) - -9.
6
What is (-6 - 7) + 0 + (0 - 0)?
-13
Calculate 1 + 3 - (51 + -66 - (0 + -4)).
15
What is the value of -5 + (12 - (-13 + -11 + 35))?
-4
Calculate 1 + 0 + 3 - (17 - (27 - 18)).
-4
5 + -5 + -6 - (6 + 7)
-19
Calculate -16 - 0 - (-1 + (5 - (10 + -1))).
-11
3 - (-8 - (0 - 8)) - -4
7
What is the value of 15 - (12 + 2) - (-2 - 1)?
4
What is the value of 8 + 17 + -11 - 18?
-4
What is the value of (-22 - 22) + 32 + 49?
37
What is the value of (3 - 1 - 9) + 209 + -206?
-4
What is the value of 8 + (0 + 6 + -3 - 6) - 2?
3
What is -6 + (-17 - -15) + (2 - -2) - -2?
-2
What is 5 + (-6 - -35) - 18?
16
What is 64 + -60 + -35 + 1 - (2 - -2)?
-34
Evaluate 9 - (51 - 58 - (-5 + 2)).
13
Evaluate -2 + 11 + 16 + (-6 - (-1 + 2)).
18
What is -28 - -21 - (-3 - -3 - 13)?
6
What is 7 + 17 - (52 - 38)?
10
Calculate -8 + (10 - (4 + -4) - 5).
-3
(-9 + (9 - 5) - 6) + -1
-12
Calculate 6 - (0 + -6 - (2 + -11 + 12)).
15
-7 + 3 + -4 + (-122 - -119)
-11
Evaluate 4 - (-10 + 18) - 12.
-16
Calculate 36 + (-19 - 10) + -33 + -3 + 3.
-26
What is the value of -6 - 19 - (-30 + 21)?
-16
20 - ((-9 - 0) + 14 + 0)
15
What is -1 - -2 - (-16 - (-26 - 2))?
-11
What is the value of (-35 - (-44 - -44)) + 55?
20
What is the value of 0 + 1 + -16 - (235 + -247)?
-3
(32 - (36 + -10)) + -32
-26
What is -7 + -16 - (-16 + 0 + 4) - -34?
23
Calculate -7 + 9 + 22 + -16.
8
What is the value of 3 + (-1 - 20) + -262 + 246?
-34
Evaluate 12 + (16 - 17) + (1 - -2).
14
8 + -45 + -4 + 30
-11
Evaluate 18 + -7 + -22 + (2 - 4).
-13
What is the value of -1 + 0 - (-56 + 18 - -49)?
-12
Calculate (41 - 2) + (-104 - -62).
-3
15 - (2 - (0 + (-3 - -7))) - 4
13
What is the value of (13 - (11 - 22)) + -13?
11
What is -3 + 1 - (33 + -8 - 16)?
-11
Calculate (18 - 16) + -21 + 4 + 26.
11
(64 - 74) + (0 - 2)
-12
5 - (-14 - -10 - -3)
6
Evaluate (1 - 38) + 16 - -39.
18
(-38 - (1 + 37)) + 38
-38
What is 5 + (65 + -72 - (7 + (0 - 0)))?
-9
Calculate 18 + 0 - (8 + (-4 - -4)).
10
Calculate (10 + 10 - -11) + -31.
0
Evaluate 2 + 2 + (-32 - -20).
-8
Calculate (0 - -4) + (-4 - -5) + -23.
-18
What is the value of -4 + 29 + (-15 - -9)?
19
What is the value of 1 - -2 - (-175 - -190)?
-12
Calculate -3 + 7 + -6 + (-4 - -7).
1
What is the value of 9 + -29 + 69 + -22?
27
Calculate (109 - 100) + 1 + -2.
8
What is the value of 83 - 83 - (3 - 2)?
-1
-9 + 0 + 3 + (7 - 10) - -7
-2
What is (7 - (9 - 8 - -10)) + 2?
-2
What is the value of -2 + 1 - (-14 + 8 - -13)?
-8
Evaluate -15 + 1 + -480 + 487.
-7
13 - (0 - 6 - (-20 - (5 + -16)))
10
Calculate 8 - (-2 + (0 - -21) + -4).
-7
What is 12 + (-13 - 1) - (-1 + 1)?
-2
Evaluate 7 + -12 + 2 + -10.
-13
Evaluate 20 + -14 + (1 - 2) - -6.
11
5 + -11 + (0 - -5) + 10
9
Evaluate (-16 - (9 - 24)) + (0 - 0).
-1
Evaluate -751 - -729 - (-1 - 22).
1
Evaluate -5 + (-8 - (9 - 6 - 4)).
-12
What is (-3 - 0 - (-9 - (8 + -10))) + 16?
20
-19 + 3 - (-3 + -8) - 14
-19
Calculate (5 - (-2 - -2)) + -9 + 10 + 2.
8
5 + (-24 + 28 - (-11 - 0)) + -9
11
Evaluate -1 + (17 - 5 - -2).
13
What is the value of -4 - (-3 + 5 - (15 + -10))?
-1
Evaluate 5 - (13 - (9 - -2)).
3
15 - 2 - (-137 - -124)
26
What is the value of (0 - 3) + (-28 - -16 - 2) - 0?
-17
What is the value of 0 + 10 + -3 + (12 - 5)?
14
What is (4 - 6) + 6 - 1 - (-4 + -4)?
11
Calculate (25 - (12 + 6)) + -19.
-12
What is the value of 0 + 14 + (-46 - (62 + -99))?
5
What is -28 + 44 + 8 + (-12 - -2)?
14
Calculate (-139 - -145) + 0 + 1 + 9.
16
Evaluate (-9 - 4) + 19 - 23.
-17
Calculate 9 + -1 - 1 - (-49 + 58) - 4.
-6
Calculate (-9 - 0) + 32 + -24 + 20.
19
Calculate 6 - (1 + 3 - 4) - (0 - -8).
-2
Evaluate 12 - (-3 + -38 + 31).
22
Calculate 8 + -21 - (29 + -28).
-14
What is the value of (-10 - 1) + (9 - (-53 - -39))?
12
Evaluate 3 - 69 - (291 + -332).
-25
What is -2 + -12 + -27 + 32?
-9
Evaluate 62 + -44 + -5 + 8.
21
What is the value of 27 - -5 - (-91 + 109)?
14
Calculate -3 - (-54 - (-32 + 18)).
37
What is -13 - (-5 - 10 - 11)?
13
Calculate -2 + -21 - (-51 + 75 + -22).
-25
Evaluate -1 + 5 - (1355 - 1382).
31
What is -5 + (11 - -10) - 14?
2
What is the value of -16 - (-8 + (-4 - -5)) - -1?
-8
Calculate 7 - (-39 - (-31 + 6)).
21
Evaluate (-20 + -3 - (-128 - -112)) + (1 - -8).
2
Evaluate (0 - 19 - (-15 + 7)) + 0.
-11
Calculate -170 + 168 + 0 + -1 + 0 - -5.
2
What is 2 + 3 - 25 - (2 + -6 - 0)?
-16
15 - (5 - 10) - 20
0
Evaluate (-2 - 3) + -1 + (-12 - -28) - 4.
6
(-17 - (-45 - -12) - -10) + -7
19
What is the value of -3 + 21 - (25 - -5)?
-12
What is (-12 - -1 - (4 - 16)) + 5?
6
(-3 - (1 - 1)) + (67 - (121 - 45))
-12
Calculate 15 - 22 - (-3 - (-2 + 3)).
-3
Evaluate (-40 - -13) + (23 - 7).
-11
32 - 43 - (-18 - 0)
7
What is the value of 25 + -60 - -10 - -27?
2
Calculate ((-39 - -30) + -1 + 11 - 1) + -24.
-24
Evaluate -12 + 2 + 114 + -115.
-11
What is (9 - 1) + (-1 - (3 - -6)) - 4?
-6
5 + -4 + 6 + 3 - -6
16
-6 - (-14 - -31 - 47)
24
What is 26 - 9 - 4 - 17?
-4
2 + 1 + 7 + (-255 - -278)
33
What is 7 + (16 - 14 - (-1 + 10))?
0
What is the value of 2 - (12 - 0 - 17)?
7
What is the value of -1 - -8 - (25 + (-8 - 8))?
-2
0 + 1 + -4 + -8 - (1 - 2)
-10
(-35 - -39) + (2 - (-7 + 4)) + -31
-22
Calculate 0 - (17 + -8) - (-1 + -24).
16
What is the value of 8 - 7 - 0 - (-4 + (2 - -2))?
1
What is 15 + -32 + 6 - -31?
20
What is 3 - (-9 + 20 + 10)?
-18
What is -14 + -8 + 4 + (1 - -7) + 3?
-7
(-2 - 18) + 3 + 13 + -3 + -3
-10
Evaluate (-3 + 2 - (14 + 1 + 11)) + 8.
-19
What is the value of -14 + (-1 - 1) + -5 + 25 + -21?
-17
What is (12 - (25 - 16)) + 19?
22
What is the value of -3 + (-4 - -2) + 1 + -7?
-11
Evaluate (-190 - -196) + (-10 - 2) + -2.
-8
What is the